10561*k - 527722. Determine g(50).
328
Let k(v) = -200*v**3 - 807*v**2 + 6*v - 5. What is k(-4)?
-141
Let l(z) = -z**3 + 2*z**2 + 12334*z + 36984. Give l(-3).
27
Let p(u) = u**3 - 43*u**2 + 205*u + 12. Give p(35).
-2613
Let f(u) = u**3 + 14*u**2 + 502*u + 7031. Give f(-14).
3
Let b(i) = 6*i**2 - 8817*i - 2241610. Calculate b(-221).
-7
Let c(t) = -121*t**2 + 386*t + 15. Give c(3).
84
Let s(k) = 6*k**2 + 226*k + 194. What is s(-39)?
506
Let u(o) = 2*o**3 - 15*o**2 - 66556*o + 532386. What is u(8)?
2
Let w(q) = -38*q**3 + 5696*q**2 + 614*q - 2059. Calculate w(150).
41
Let r(h) = h**3 - 252*h**2 + 448*h + 13638. Give r(250).
638
Let l(w) = 38208*w - 76574. Give l(2).
-158
Let t(f) = 3*f - 73. Give t(18).
-19
Let b(h) = h**2 + 1061*h - 69951. What is b(63)?
861
Let w(s) = 2407*s + 134784. Give w(-56).
-8
Let r(t) = -32139*t - 224977. What is r(-7)?
-4
Let i(n) = 447*n - 89816. Determine i(201).
31
Let r(v) = 318231*v - 3182378. What is r(10)?
-68
Let q(i) = -16*i**3 + 296*i + 596. Give q(-2).
132
Let k(d) = 351*d - 5027. What is k(14)?
-113
Let q(s) = s**3 + 39*s**2 + 2065*s + 77029. What is q(-38)?
3
Let m(p) = 356*p + 135957. Give m(-382).
-35
Let a(b) = 6*b**3 + 38*b**2 + 24*b + 47. Determine a(-6).
-25
Let s(u) = 1234*u + 90086. Calculate s(-73).
4
Let o(u) = -44328*u + 886566. Calculate o(20).
6
Let u(c) = 201641*c + 36497014. Give u(-181).
-7
Let c(k) = -k**3 - 25*k**2 - 19*k - 883. Determine c(-16).
-2883
Let l(v) = 400*v**2 - 1982*v - 146. What is l(5)?
-56
Let b(t) = -46*t**3 + 7*t**2 + 25*t - 27. Determine b(3).
-1131
Let f(a) = 2*a**3 + 1748*a**2 - 459*a - 401161. What is f(-874)?
5
Let y(x) = -1136*x - 21998. What is y(-19)?
-414
Let s(r) = 2*r**2 + 1114814*r + 4459233. What is s(-4)?
9
Let u(d) = 257635*d - 772862. Determine u(3).
43
Let r(q) = -6*q**3 + 140*q**2 + 22*q - 65. Determine r(24).
-1841
Let g(o) = -9*o**2 - 927*o - 6416. Calculate g(-7).
-368
Let c(o) = 2*o**3 + 383*o**2 - 7057*o + 9. Calculate c(17).
553
Let u(a) = -a**3 - 49*a**2 + 494*a + 1060. Determine u(-57).
-1106
Let y(f) = -96*f - 1935. Give y(-30).
945
Let f(y) = 2*y**2 + 13230*y + 263839. Calculate f(-20).
39
Let f(x) = 44*x**3 + x**2 + 17*x - 25. Give f(1).
37
Let r(z) = 4990*z - 1816369. Give r(364).
-9
Let v(m) = -m**3 - 12*m**2 + 225*m + 2679. Determine v(-12).
-21
Let w(y) = -18*y**2 - 205*y + 769. Calculate w(-14).
111
Let y(g) = -3809*g - 53668. What is y(-14)?
-342
Let l(a) = -25*a**2 - 4483*a - 8978. Calculate l(-2).
-112
Let j(r) = r**3 + 143*r**2 - 83*r - 11896. Determine j(-143).
-27
Let j(o) = -6*o**3 - 12*o**2 + 28*o - 214. Give j(6).
-1774
Let f(q) = -91*q**2 - 26385*q + 1451. Determine f(-290).
1
Let v(h) = -2*h**2 + 1096*h + 39565. Give v(-34).
-11
Let r(i) = -2*i**3 + 2*i**2 + 438*i - 4258. Give r(10).
-1678
Let a(i) = i**3 + 5*i**2 - 38*i + 110. Calculate a(-10).
-10
Let o(f) = 10*f**2 + 2175*f + 68308. Calculate o(-38).
98
Let k(y) = -306*y**3 + y**2 - 204*y + 203. Give k(1).
-306
Let f(u) = -366*u**2 - 3423*u - 1091. Determine f(-9).
70
Let h(p) = 2*p**2 - 550*p + 37710. What is h(130)?
10
Let j(a) = 1098*a + 136180. Calculate j(-124).
28
Let n(w) = w**2 - 77*w - 962. Determine n(-11).
6
Let t(h) = 533*h + 589. Determine t(-1).
56
Let c(t) = -2215*t + 296810. Calculate c(134).
0
Let j(k) = 22437*k + 3926462. Give j(-175).
-13
Let o(j) = 13*j**3 - 8*j**2 + 487*j + 2953. Give o(-6).
-3065
Let k(j) = 309*j - 7838. What is k(25)?
-113
Let j(v) = 246264*v + 1231315. Calculate j(-5).
-5
Let y(k) = -223*k**2 - 1137*k - 206. Give y(-5).
-96
Let j(m) = -m**3 + 2*m**2 - 29*m - 683. What is j(-6)?
-221
Let u(d) = -39289*d + 39134. Calculate u(1).
-155
Let t(n) = 30*n**2 + 4726*n - 4730. What is t(1)?
26
Let l(t) = 34*t**2 - 1018*t - 6126. Give l(-6).
1206
Let h(p) = 85*p**2 + 184*p + 12. What is h(-2)?
-16
Let c(a) = 2*a**2 - 2475*a + 7427. Give c(3).
20
Let a(q) = -10950*q - 153290. Give a(-14).
10
Let o(j) = 9*j**2 - 3538*j + 3537. What is o(1)?
8
Let j(m) = -15*m**3 - 4363*m**2 + 581*m - 333. Calculate j(-291).
-42
Let k(d) = -2*d**3 - 180*d**2 + 228*d + 1040. What is k(-91)?
-3146
Let j(p) = 3*p**3 + 863*p**2 + 42451*p - 706. What is j(-63)?
-13
Let x(w) = -2*w**3 - 41*w**2 - 349*w + 22. What is x(-13)?
2024
Let x(n) = -484*n + 2443. Determine x(8).
-1429
Let r(p) = 144747*p + 1447490. Give r(-10).
20
Let t(m) = 3575*m - 3217498. Give t(900).
2
Let c(h) = 1525*h + 109028. Calculate c(-70).
2278
Let k(y) = 1077725*y - 37720375. Give k(35).
0
Let x(q) = -3*q**3 - 42*q**2 - 20*q - 670. What is x(-17)?
2271
Let o(w) = 2*w**3 + 211*w**2 + 311*w + 175. Calculate o(-104).
279
Let d(p) = -66*p**2 + 13*p - 1. Give d(-3).
-634
Let o(q) = 3018*q - 33035. What is o(11)?
163
Let l(w) = -264*w**2 + 27*w - 4. Give l(2).
-1006
Let s(v) = -40*v**2 + 5147*v + 1630. Calculate s(129).
-47
Let t(o) = 21*o**3 + 295*o**2 + 15*o - 38. Calculate t(-14).
-52
Let u(a) = -2*a**2 - 473*a - 4951. What is u(-11)?
10
Let r(h) = 112*h**3 + 8623*h**2 - 77*h + 8. Determine r(-77).
8
Let t(g) = -36*g**2 + 1327*g + 38594. Calculate t(56).
10
Let u(w) = 16*w**3 + 945*w**2 + 1878*w - 112. Determine u(-57).
59
Let s(c) = 2*c**3 - 56*c**2 - 152*c + 2607. Determine s(29).
-119
Let c(s) = 137*s**2 + 1805*s + 3610. Calculate c(-2).
548
Let d(b) = 6497*b**2 + 39037*b + 326. What is d(-6)?
-4
Let k(w) = -24*w + 118. Determine k(8).
-74
Let y(p) = p**2 + 225*p + 5987. What is y(-192)?
-349
Let v(q) = q**2 + 55*q - 3831. Give v(-100).
669
Let d(b) = -b**3 + 2*b**2 - 9346*b + 28039. Determine d(3).
-8
Let z(b) = b**2 - 114*b - 5310. Give z(-36).
90
Let u(g) = 8*g**3 - 14*g**2 - 4473*g - 4461. Give u(-1).
-10
Let c(m) = 6*m**2 - 184*m + 604. What is c(26)?
-124
Let w(b) = 43630*b - 916207. Determine w(21).
23
Let s(p) = 3*p**2 + 111*p - 4052. Calculate s(26).
862
Let n(c) = c**2 + 1408*c + 173104. Calculate n(-136).
112
Let s(w) = -w**3 + 23*w**2 - 166*w - 33. What is s(7)?
-411
Let i(r) = 562*r**2 + 1836*r + 430. What is i(-3)?
-20
Let w(n) = -28*n**2 + 375*n + 83. Determine w(17).
-1634
Let l(r) = -14*r - 470. What is l(-27)?
-92
Let q(l) = 54742*l + 383088. Give q(-7).
-106
Let l(v) = -9*v**3 - 548*v**2 + 553*v + 30015. Give l(-61).
3
Let l(q) = 47*q**2 + 2243*q + 9. Give l(-49).
2949
Let a(f) = 5362*f + 32196. What is a(-6)?
24
Let v(m) = -295*m**3 + 5*m**2 - 64*m - 68. Give v(-1).
296
Let q(x) = -2*x**3 - 4*x**2 + 172*x - 319. Determine q(2).
-7
Let c(i) = i**3 - 108*i**2 + 13*i + 1837. What is c(-4)?
-7
Let u(s) = 1307*s - 12819. What is u(10)?
251
Let c(j) = -5*j**2 - 208*j + 1740. Determine c(8).
-244
Let b(s) = -s**3 + 29*s**2 - 121*s - 132. Give b(23).
259
Let c(o) = 11*o**2 - 406*o + 1126. Give c(3).
7
Let i(m) = -2*m**3 + 610*m**2 - 10874*m + 1678. Give i(286).
-38
Let n(x) = -x**3 - 81*x**2 - 33*x - 488. Determine n(-81).
2185
Let w(y) = -y**2 + 14196*y + 99427. Determine w(-7).
6
Let w(u) = -u**3 - 7*u**2 + 40*u - 122. What is w(-10)?
-222
Let a(b) = 1684*b + 55535. Give a(-33).
-37
Let r(b) = b**2 - 149*b - 809. Calculate r(169).
2571
Let o(p) = -792*p + 694. What is o(4)?
-2474
Let b(d) = -22*d**3 + 73*d**2 - 28*d + 26. Give b(3).
5
Let v(k) = -207809*k - 1039079. Give v(-5).
-34
Let w(r) = 6294*r + 1504262. Calculate w(-239).
-4
Let s(h) = -3*h**2 - 165*h - 1744. What is s(-15)?
56
Let t(x) = 445*x + 94407. Calculate t(-212).
67
Let n(d) = -171*d**2 - 1102*d + 13. Calculate n(-7).
-652
Let h(r) = -2*r**3 + 115*r**2 - 424*r - 7698. Give h(52).
-2
Let t(h) = h**3 - 465*h**2 - 354916*h + 10466. Determine t(872).
2
Let x(q) = 2*q**3 - 87*q**2 + 297*q - 872. What is x(40)?
-192
Let n(r) = -2*r**2 - 70*r + 1840. Give n(-59).
-992
Let b(c) = -5491*c - 1916224. Calculate b(-349).
135
Let j(o) = o**3 - 42*o**2 - 34*o - 183. Calculate j(43).
204
Let a(h) = -13615*h + 54444. Give a(4).
-16
Let z(c) = 4*c**2 - 29*c - 1653. Calculate z(-17).
-4
Let u(f) = 4128*f - 11612. Determine u(3).
772
Let b(c) = 3*c**3 - 8*c**2 + 955*c - 7729. Give b(8).
935
Let n(k) = k**3 - 437*k**2 - 24*k + 10543. Calculate n(437).
55
Let p(u) = -92646*u + 370498. Calculate p(4).
-86
Let v(m) = -1343*m + 8414. Calculate v(7).
-987
Let d(t) = 9253*t + 508951. What is d(-55)?
36
Let a(t) = 539*t - 7547. Give a(14).
-1
Let l(m) = -m**3 + 185*m**2 - 743*m + 3430. Determine l(181).
-9
Let q(l) = -4*l**2 + 3176*l + 6358